{"id":6768,"date":"2015-09-29T10:58:24","date_gmt":"2015-09-29T08:58:24","guid":{"rendered":"http:\/\/busitex.de\/?page_id=6768"},"modified":"2016-11-10T07:45:56","modified_gmt":"2016-11-10T06:45:56","slug":"print-shop","status":"publish","type":"page","link":"https:\/\/busitex.de\/?page_id=6768","title":{"rendered":"Print Shop"},"content":{"rendered":"<p><strong>Infos zum Bedrucken von Textilien.<\/strong><br \/>\nEs ist viel zu lesen, aber es lohnt sich.<br \/>\nDenn je mehr Sie von der Textilienbedruckung verstehen, desto leichter<br \/>\nsind die einzelnen Schritte und deren Kosten f\u00fcr Sie nachvollziehbar.<\/p>\n<p><strong>Ihr Logo auf Ihren Textilien! \u2013 Wir bedrucken fast alles!<br \/>\n<\/strong>Textilien sehen alle gleich aus. Fast.<br \/>\nErst durch die Bedruckung mit Ihrem unverwechselbaren Logo wird Ihre<br \/>\nausgesuchte Textilie individualisiert und z.B. zum Werbetr\u00e4ger.<br \/>\n<strong>Wir bieten Ihnen 3 Beschriftungsarten an:<\/strong><br \/>\n<span style=\"text-decoration: underline;\"><strong>1) Folien\/Pr\u00e4gebeschriftung<\/strong><\/span><br \/>\nEs gibt hierbei 2 M\u00f6glichkeiten.<br \/>\n<strong>a) Die digitale Plott-Folienbeschriftung<\/strong> eignet sich bestens f\u00fcr einfache, meist 1-fbg. Textbeschriftungen, die auf Ihren Textilien positionieren werden.<br \/>\nIn kleinen Auflagen, meist 20st., 50st. bis 100 st. werden die Schriften aus<br \/>\neiner <strong>Transferfolie geplottert<\/strong> und mit einem Heisspressverfahren auf die<br \/>\njeweiligen Textilien aufgepresst.<br \/>\nDie Folien sind erstaunlich gut, leicht zu verarbeiten und halten hervorrragend<br \/>\nauf nahezu allen Textilien. Dennoch sollte, gerade bei impr\u00e4gnierten Jacken oder<br \/>\neinigen Arten von Kunststoff\/Feingeweben ein Musterdruck erstellt werden,<br \/>\ndamit die Pr\u00e4gest\u00e4rke und die Pr\u00e4gehitze eingestellt und die Verbundhaftung<br \/>\ngepr\u00fcft werden kann. F\u00fcr dieses pr\u00fcfen ben\u00f6tigen wir immer 1 bis 2 Extramuster,<br \/>\ndenn wir k\u00f6nnen die Beschaffenheit der zig tausend unterschiedlichen Materialen<br \/>\nnie vorher sehen. Probieren ist daher wichtig! Damit die Beschriftung h\u00e4lt!<\/p>\n<p>F\u00fcr die Beschriftung bevorraten wir Heisspr\u00e4gefolien in diversen Farben.<br \/>\nDaher am besten Ihr Logo per mail zu uns senden, dann schauen wir uns an,<br \/>\nwelche Beschriftungsart die richtige w\u00e4re.<br \/>\nDie digitale Beschriftung mit Transfer-Plottfolie ist bei nicht zu komplizierten<br \/>\nLogos die einfachste, schnellste und g\u00fcnstigste.<br \/>\nIdeal f\u00fcr kleine Auflagen, ideal f\u00fcr Schriften von 2 bis 15 cm H\u00f6he.<\/p>\n<p>Kleine Schriften z.B. H 12mm sind auch m\u00f6glich, aber anh\u00e4ngig von der<br \/>\nSchriftart und Anzahl der Buchstaben. Sind die Buchstaben zu klein, oder<br \/>\nzu filigran, dann eignet sich besser die Variante b)<\/p>\n<p><strong>b) Die zuvor beschriebenen Transferfolien<\/strong> k\u00f6nnen auch mit einem<br \/>\nspeziellen Druckverfahren digital bedruckt werden.<br \/>\nDie Grundfolie ist dann meist weiss, da sich weiss am besten Bedrucken l\u00e4sst<br \/>\nund die Bedruckung kann in den von Ihren gestellten Druckdatei<br \/>\ngew\u00fcnschten Farben erfolgen.<br \/>\n\u00c4hnlich wie bei einer DIN A4 Blattbedruckung w\u00e4re dann die bedruckte<br \/>\nTransferfolie formal erst mal viereckig. Durch eines sep. angelegte Plottdatei<br \/>\nkann nun diese Folie auf Kontur geplottet werden. In der Idealform wie Ihr Logo<br \/>\ndas Design vorgibt, so das alle Buchstaben Ihres Logos auf einem weissen Grund<br \/>\nstehen, welche in einer Fl\u00e4che miteinander verbunden sind.<br \/>\nKlingt kompliziert, ist es aber nicht!<br \/>\nEs geht ja auch erstmal nur um die Beschreibung, damit Sie wissen,<br \/>\nwas technisch mit Folien- und Pr\u00e4gebeschriftung gemeint ist.<br \/>\nZu den Kosten kommen wir sp\u00e4ter. Siehe ganz unten.<\/p>\n<p><span style=\"text-decoration: underline;\"><strong>2) Die Siebdruckbeschriftung<\/strong><\/span><br \/>\nSiebdruck ist der Klassiker unter den Beschriftungen bevor der<br \/>\nDigitaldruck den Einzug hielt.<br \/>\nUm zu Siebdrucken muss zuerst die Siebdruckschablone hergestellt werden.<br \/>\nDie dazu ben\u00f6tigten Siebe k\u00f6nnen immer wieder verwendet werden,<br \/>\nsomit wird die Schablone also nur f\u00fcr diese\/Ihre Bedruckung als Druckmittel<br \/>\nhergestellt und danach werden die Siebe wieder f\u00fcr das n\u00e4chste<br \/>\nDruckmotiv neutralisiert und erneut verwendet.<br \/>\nDie Siebe werden mit einer speziellen Beschichtung versehen, worin<br \/>\nwiederum Ihr Logo\/Schriftzug als Motiv und als Schablone einkopiert wird.<br \/>\nDies geschieht in einem Belichtungsvorgang, wozu zun\u00e4chst ein Belichtungsfilm<br \/>\nvon Ihrem Logo hergestellt wird. Viele nennen dies Klischee<br \/>\noder auch einfach Vorkosten, die notwendig sind, da ja sonst nicht<br \/>\ngedruckt werden kann.<br \/>\nDas sind alles manuelle Vorg\u00e4nge, die zeitraubend und somit mit Kosten<br \/>\nverbunden sind.<br \/>\nDaher eignet sich Siebdruck im Regelfall auch erst f\u00fcr gr\u00f6\u00dfere Auflagen,<br \/>\nz.B. ab 100 st., 300 st. 500 st. oder deutlich mehr.<br \/>\nMit Siebdruck sind auch mehrfarbige Bedruckungen m\u00f6glich,<br \/>\ndann werden einfach mehrere Schablonen bzw. Klischees ben\u00f6tigt.<\/p>\n<p>Der Vorteil beim Siebdruck ist, das die Schriftbedruckung auch mit kleinen<br \/>\noder filigraneren Buchstaben m\u00f6glich ist und die Bedruckung direkt auf den<br \/>\nUntergrund der Textilien erfolgt.<br \/>\nDie Druckfarbe verbindet sich meist hervorragend mit dem Untergrund der<br \/>\nTextilie und es kann von einer sehr langen Haltbarkeit ausgegangen werden.<br \/>\nAuf das Thema Haltbarkeit gehen wir in der untenstehenden Tabelle separat ein.<br \/>\nSiebdruck ist also ein etwas aufw\u00e4ndigeres Verfahren, eignet sich dennoch<br \/>\nf\u00fcr h\u00f6here Auflagen und es lassen sich feinere Drucksachen, auch mehrfarbige<br \/>\ndamit erzeugen.<\/p>\n<p><strong><span style=\"text-decoration: underline;\">3) Die Bestickung.<\/span><\/strong><br \/>\nDie Bestickung gibt es auch schon seit vielen Jahrzehnten und konnte<br \/>\nimmer noch nicht von der digitalisierten Bedruckung verdr\u00e4ngt werden,<br \/>\nda sie so einfach nicht zu ersetzen ist.<br \/>\nSticken bedeutet, das ein Faden mit einer Sticknadel immer und immer wieder<br \/>\nauf die Textilien an den gew\u00fcnschten Beschriftungsort einstickt, so das nach<br \/>\nund nach das gesamte Logo\/Stickmotiv durch den gestickten Faden als<br \/>\ngesamtes Motiv erscheint.<br \/>\nUm das Druckmotiv auf eine Textilie aufsticken zu k\u00f6nnen wird zuerst eine<br \/>\nDatei ben\u00f6tigt, die in eine Stickdatei f\u00fcr das jeweilige Stick-Ger\u00e4t konvertiert wird.<br \/>\nEinige Stickger\u00e4te arbeiten noch mit einer Stickkarte, die dann das Druckbild des Logos\/Schriftbildes an die Stickmaschine \u00fcbertr\u00e4gt.<br \/>\nDie Maschine muss ja schliesslich wissen, was sie sticken soll,<br \/>\nund diese Informationen sind dann auf der Stickkarte abgespeichert.<\/p>\n<p>Auch bei der Bestickung sind zuerst Vorkosten notwendig, bevor der<br \/>\neigentliche Stickvorgang und die Beschriftung der Textilien beginnen kann.<br \/>\nNahezu alle Textilien lassen sich besticken, die die man nicht besticken kann,<br \/>\ndie lassen sich wiederum bedrucken.<br \/>\nDie Bestickung ist sehr lange haltbar, \u00fcbersteht viele Waschvorg\u00e4nge, jedoch<br \/>\nist die Optik des Stickfadens nicht Jedermann Sache.<br \/>\nEin Siebdruck sieht immer edeler aus, ein Digitaldruck ist g\u00fcnstiger.<br \/>\nSo, jetzt haben Sie im Schnelldurchgang erfahren, welche<br \/>\n3 Beschriftungsvarianten hier ganz grob beschrieben wurden:<\/p>\n<p><span style=\"text-decoration: underline;\"><strong>Nun zu der Haltbarkeit:<\/strong><\/span><br \/>\nDie Haltbarkeit einer Beschriftung ist abh\u00e4ngig davon, wie heiss und oft die<br \/>\nTextilie gewaschen wird.<br \/>\nWir empfehlen grunds\u00e4tzlich immer ein Feinwaschmittel und eine<br \/>\nW\u00e4sche von 40\u00b0 oder auch max. 60\u00b0. Das ist umweltfreundlich und reicht bei<br \/>\n90% alle Waschvorg\u00e4nge aus!<br \/>\nDie Spezialisten unter Ihnen, die Ihre W\u00e4sche permanent und grunds\u00e4tzlich mit<br \/>\n90\u00b0Grad Waschen wollen, empfehlen wir eine Bestickung oder eine<br \/>\nSiebdruckbeschriftung. Sie sollten sich als solche zu erkennen geben,<br \/>\ndenn wir kennen Ihr Waschverhalten nicht!<\/p>\n<p>Das soll nicht heissen das eine Folienbeschriftung keine 90\u00b0 W\u00e4sche ab kann,<br \/>\naber die Dauer und die H\u00e4ufigkeit und der evtl. ungeeignete textilie Untergrund<br \/>\nder Beschriftung kann f\u00fcr die digitale Beschriftungsvariante<br \/>\ndas vorzeitige Ende bedeuten.<br \/>\nDie Heisspr\u00e4gefolien werden mit einer Pr\u00e4gemaschine, \u00e4hnlich einem<br \/>\nB\u00fcgeleisen bei180\u00b0 bis 220\u00b0 verpresst, da kann eine mal eine 90\u00b0 heisse<br \/>\nW\u00e4sche nicht viel anhaben. Dennoch empfehlen wir, wenn Sie dauerhaft<br \/>\nmit 90\u00b0 waschen immer Siebdruck oder den Stick!<br \/>\nHier noch eine Einschr\u00e4nkung, auch Siebdruck w\u00e4scht sich bei<br \/>\n90\u00b0 Kochw\u00e4sche schneller raus als bei 40\u00b0 oder 60\u00b0 Grad.<br \/>\nDas leuchtet auch irgendwie ein, oder?<br \/>\nDer Stick ist gegen 90\u00b0 W\u00e4sche weitgehenst unempfindlich.<\/p>\n<p><span style=\"text-decoration: underline;\"><strong>Nun zur Empfehlung:<\/strong><\/span><br \/>\nDie Frage die sich generell stellt, wie stark werden Ihre Textilien im<br \/>\nEinsatzzweck mechanisch bei Ihnen belastet? Abrieb, hartn\u00e4ckige<br \/>\nVerschmutzung, Risse, L\u00f6cher, oder zu h\u00e4ufiges waschen?<br \/>\nBei einer hohen mechanischen Belastung ist vermutlich das Material<br \/>\neher hin\u00fcber oder unansehnlich als die Beschriftung der Textilie.<br \/>\nWas muss also l\u00e4nger halten?<br \/>\nWann wird sp\u00e4testens eine Textilie getauscht?<br \/>\nKalkuliert man nun 6 Monate was zu kurz erscheint oder 24 Monate,<br \/>\nwas schon zu lang ist, so liegt wahrscheinlich die durchschnittliche<br \/>\nVerweildauer einer Arbeitstextilie bei ca. 12 Monate Nutzung,<br \/>\nmal mehr, mal weniger.<br \/>\nWenn man dann die Waschg\u00e4nge auf die Zeitdauer aufteilt, dann k\u00f6nnten<br \/>\ndies 30 oder 300 Waschvorg\u00e4nge sein, die Ihrer Textilie oder der<br \/>\nBedruckung bevorstehen.<br \/>\nVermutlich werden Arbeitsjacken oder Parka seltener gewaschen als<br \/>\nt\u00e4glich 10 Std. getragene T-Shirts. Daher ist immer abzuw\u00e4gen, wie Ihr<br \/>\nEinsatzzweck und die Einsatzdauer Ihrer Textilie ist.<br \/>\nDarauf sollte bei der Beschriftung entsprechend R\u00fccksicht genommen werden,<br \/>\ngenaus wie beim Waschen die R\u00fccksicht auf die Beschriftung genommen<br \/>\nwerden sollte.<br \/>\nSie entscheiden also dar\u00fcber, wie Sie Ihre Textilie behandeln und<br \/>\nwaschen und wie lange die jeweilige Haltbarkeit der Beschriftung<br \/>\nvermutlich sein kann.<\/p>\n<p><strong><span style=\"text-decoration: underline;\">Alle Faktoren sind nun beschrieben, nun zu den Kosten der Beschriftung:<\/span><\/strong><br \/>\nWir unterteilen in:<br \/>\n&#8211; Bemusterung<br \/>\n&#8211; Entwurfs und Dateierstellung<br \/>\n&#8211; Vorkosten<br \/>\n&#8211; Beschriftungskosten und<br \/>\n&#8211; Handlingskosten.<br \/>\nGrunds\u00e4tzlich gehen wir davon aus, das Sie uns eine druckfertige Datei \u00fcbermitteln,<br \/>\nund Sie genau wissen, was Sie in welcher Gr\u00f6\u00dfe und Farbigkeit wo bedruckt<br \/>\nhaben m\u00f6chten. Nur dann k\u00f6nnen wir sofort loslegen.<\/p>\n<p><span style=\"text-decoration: underline;\"><strong>Bemusterung:<\/strong><\/span><br \/>\nGerne senden wir Ihnen f\u00fcr jeden textilien Artikel ein Muster zu,<br \/>\njede Farbe, jede Form und gern auch jede Gr\u00f6\u00dfe.<br \/>\nDiese Handlingskosten f\u00fcr Bemusterung sind nicht gering,<br \/>\n&#8211; denn alle Artikel liegen in Hochregalen<br \/>\n&#8211; s\u00e4uberlich in Kartons geordnet und<br \/>\n&#8211; werden individuell f\u00fcr Sie herausgenommen,<br \/>\n&#8211; gepr\u00fcft verpackt in Karton und Ihnen zugestellt.<br \/>\n&#8211; Bei Zur\u00fccksendung, Auspacken, pr\u00fcfen sortieren und wieder einlagern.<br \/>\nOhne drumherum zureden, das ist Arbeit!<br \/>\nDie Marge an Textilien ist so gering, das durch den starken Wettbewerbsdruck<br \/>\nzum Ende der Kalkulation nicht viel \u00fcbrig bleibt.<br \/>\nDaher sollten Sie im Idealfall wissen, welche Textilien Sie ben\u00f6tigen und was<br \/>\nSie bestellen m\u00f6chten, ohne zu gro\u00dfe Regiekosten zu verursachen.<br \/>\nWir k\u00f6nnen andererseits auch nachvollziehen, das Sie Muster sehen m\u00f6chten.<br \/>\nDeshalb zahlen Sie auch nur einen geringst m\u00f6glichen Beitrag f\u00fcr die<br \/>\nBemusterung.<\/p>\n<p><span style=\"text-decoration: underline;\"><strong>Die Grundkosten f\u00fcr die Bemusterung<\/strong><\/span> mit Versand bis 10 KG<br \/>\nbetr\u00e4gt die Handlingspauschale 35,00 \u20ac.<br \/>\nDarin enthalten sind bis zu 4 Artikel, egel welcher, denn wir rechnen<br \/>\nzus\u00e4tzlich jeden Artikel als Einzelbestellung ab.<br \/>\nSenden Sie uns die Artikel portofrei innerhalb von 7 Tagen eingehend<br \/>\nwohlerhalten zur\u00fcck, schreiben wir die Artikelkosten Ihrem Konto gut.<br \/>\nSie verlieren also nur die Handlingspauschale.<br \/>\nSuchen Sie sich 20 Muster aus, berechnen wir 5x die Handlingspauschale.<br \/>\n<span style=\"text-decoration: underline;\"><strong>Bestellen Sie bei uns innerhalb 4 Wochen,<\/strong><\/span><br \/>\n<span style=\"text-decoration: underline;\"><strong> erstatten wir Ihnen die Handlingspauschale und rechnen diese<\/strong><\/span><br \/>\n<span style=\"text-decoration: underline;\"><strong> dem Auftrag an und zwar in folgender H\u00f6he, wie folgt:<\/strong><\/span><br \/>\nAuftrag ab 500,00 \u20ac\/netto 1 x Anrechnung Handlingspauschale<br \/>\nAuftrag ab 1.000,00 \u20ac\/ netto 2 x Anrechnung Handlingspauschale<br \/>\nAuftrag ab 2.000,00 \u20ac\/ netto 3 x Anrechnung Handlingspauschale<br \/>\nAuftrag ab 3.000,00 \u20ac\/ netto 4 x Anrechnung Handlingspauschale usw.<br \/>\nSie verlieren also nichts, wenn Sie bestellen.<\/p>\n<p><span style=\"text-decoration: underline;\"><strong>Entwurfskosten und Dateierstellung:<\/strong><\/span><br \/>\nWir k\u00f6nnen \u00fcber geeignete Grafik- und Photoshop-Programme die<br \/>\nBeschriftung als auch die Textilie mit Beschriftung visulisiert darstellen,<br \/>\nso das Sie vorher sehen was Sie hinterher bekommen.<br \/>\nWir berechnen nur die reinen Entwurfskosten wie folgt:<br \/>\nErstentwurf Textilie nach Wahl mit Logo nach Ihrer Vorgabe, pauschal 25,00 \u20ac<br \/>\nKorrektur\/Zweitentwurf oder jeder weitere Alternativentwurf 8,00 \u20ac<\/p>\n<p><span style=\"text-decoration: underline;\"><strong>Druckdaten erstellen nach Ihrer Dateivorlage,<\/strong><\/span><br \/>\nsofern keine gestochen scharfe pdf Datei pauschal 50,00 \u20ac<\/p>\n<p><strong><span style=\"text-decoration: underline;\">Einscannen oder Bearbeitung Ihrer Druckdaten<\/span><\/strong><br \/>\nwenn diese nicht verwendbar, pro Std. 50,00 \u20ac<br \/>\nDie Stundenanzahl der Bearbeitung wird Ihnen vor Beginn der Arbeiten<br \/>\nschriftlich per mail mitgeteilt, wenn diese deutlicher mehr als<br \/>\n1 Std. andauern wird.<\/p>\n<p><strong><span style=\"text-decoration: underline;\">Vorkosten je nach Beschriftungsart:<\/span><br \/>\n<\/strong>Digitale Bedruckung pro Motivgr\u00f6\u00dfe\/pro Farbe 25,00 \u20ac<br \/>\nSiebbedruckung (Druckfilm, Klischee, anteilige Siebkosten) pro Motiv\/pro Farbe 45,00 \u20ac<br \/>\nBestickung (anteilig Stickkarte\/Programmierung) pro Motiv\/pro Farbe 125,00 \u20ac<\/p>\n<p><strong>Beschriftungskosten:<br \/>\n<span style=\"text-decoration: underline;\">Digitaldruck\/plott Transferfoliendruck<\/span><\/strong> auch bis 1- oder 2-fbg.<br \/>\n<strong>je Farbe<\/strong> \/ je Motivanlage \/ je Druck bis 10 cm (Fl\u00e4che bis 20qcm)<br \/>\nDruckmotiv einfache einfarbige Schrift Fl\u00e4che z.B. bis <u>H2 x B10 cm<\/u><br \/>\n&#8230;.1 bis\u00a0\u00a0\u00a0\u00a0 5 st. je Motivanlage \/ je Farbe \/ je Druck 29,00 \u20ac<br \/>\n&#8230;.6 bis\u00a0\u00a0 20 st. je Motivanlage \/ je Farbe \/ je Druck 21,00 \u20ac<br \/>\n..21 bis\u00a0\u00a0 50 st. je Motivanlage \/ je Farbe \/ je Druck 13,50 \u20ac<br \/>\n..51 bis 100 st. je Motivanlage \/ je Farbe \/ je Druck \u00a0 9,70 \u20ac<br \/>\n101 bis 500 st.\u00a0 je Motivanlage \/ je Farbe \/ je Druck\u00a0 8,00 \u20ac<br \/>\n&#8230;&#8230;&#8230;ab 501st.\u00a0 je Motivanlage \/ je Farbe \/ je Druck\u00a0 8,00 \u20ac<\/p>\n<p><strong>je Farbe<\/strong> \/ je Motivanlage \/ je Druck bis 25 cm (Fl\u00e4che bis 200qcm)<br \/>\nDruckmotiv einfache einfarbige Schrift Fl\u00e4che z.B. bis <u>H8 x B25 cm<\/u><br \/>\n&#8230;.1 bis\u00a0\u00a0\u00a0\u00a0 5 st. je Motivanlage \/ je Farbe \/ je Druck 35,00 \u20ac<br \/>\n&#8230;.6 bis\u00a0\u00a0 20 st. je Motivanlage \/ je Farbe \/ je Druck 26,00 \u20ac<br \/>\n..21 bis\u00a0\u00a0 50 st. je Motivanlage \/ je Farbe \/ je Druck 17,50 \u20ac<br \/>\n..51 bis 100 st. je Motivanlage \/ je Farbe \/ je Druck 12,80 \u20ac<br \/>\n101 bis 500 st.\u00a0 je Motivanlage \/ je Farbe \/ je Druck11,10 \u20ac<br \/>\n&#8230;&#8230;&#8230;ab 501st.\u00a0 je Motivanlage \/ je Farbe \/ je Druck\u00a0 3,50 \u20ac<\/p>\n<p><strong>oder 4c, also bis 4-fbg.\u00a0<span style=\"text-decoration: underline;\">Druck<\/span><\/strong> \/ je Motivanlage bis 10 cm (Fl\u00e4che bis 20qcm)<br \/>\nDruckmotiv Fl\u00e4che z.B. bis <u>H2 x B10 cm<\/u><br \/>\n&#8230;.1 bis\u00a0\u00a0\u00a0\u00a0 5 st. je Motivanlage \/ je Farbe \/ je Druck 39,00 \u20ac<br \/>\n&#8230;.6 bis\u00a0\u00a0 20 st. je Motivanlage \/ je Farbe \/ je Druck 28,00 \u20ac<br \/>\n..21 bis\u00a0\u00a0 50 st. je Motivanlage \/ je Farbe \/ je Druck 22,00 \u20ac<br \/>\n..51 bis 100 st. je Motivanlage \/ je Farbe \/ je Druck 16,00 \u20ac<br \/>\n101 bis 500 st.\u00a0 je Motivanlage \/ je Farbe \/ je Druck 12,50 \u20ac<br \/>\n&#8230;&#8230;&#8230;ab 501st.\u00a0 je Motivanlage \/ je Farbe \/ je Druck\u00a0 9,50 \u20ac<\/p>\n<p><strong>oder 4c, also bis 4-fbg.<\/strong> <span style=\"text-decoration: underline;\"><strong>Druck<\/strong><\/span> \/ je Motivanlage bis 25 cm (Fl\u00e4che bis 200qcm)<br \/>\nDruckmotiv Fl\u00e4che z.B. bis <u>H8 x B25 cm<\/u><br \/>\n&#8230;.1 bis\u00a0\u00a0\u00a0\u00a0 5 st. je Motivanlage \/ je Farbe \/ je Druck 49,00 \u20ac<br \/>\n&#8230;.6 bis\u00a0\u00a0 20 st. je Motivanlage \/ je Farbe \/ je Druck 37,50 \u20ac<br \/>\n..21 bis\u00a0\u00a0 50 st. je Motivanlage \/ je Farbe \/ je Druck 29,00 \u20ac<br \/>\n..51 bis 100 st. je Motivanlage \/ je Farbe \/ je Druck 22,50 \u20ac<br \/>\n101 bis 500 st.\u00a0 je Motivanlage \/ je Farbe \/ je Druck18,80 \u20ac<br \/>\n&#8230;&#8230;&#8230;ab 501st.\u00a0 je Motivanlage \/ je Farbe \/ je Druck16,50 \u20ac<\/p>\n<p><strong><span style=\"text-decoration: underline;\">Siebdruck<\/span><\/strong> auch bis 1- oder 2-fbg.<br \/>\n<strong>je Farbe<\/strong> \/ je Motivanlage \/ je Druck bis 10 cm (Fl\u00e4che bis 20qcm)<br \/>\nDruckmotiv einfache einfarbige Schrift Fl\u00e4che z.B. bis <u>H2 x B10 cm<\/u><br \/>\n&#8230;.1 bis\u00a0\u00a0\u00a0\u00a0 5 st. je Motivanlage \/ je Farbe \/ je Druck 25,00 \u20ac<br \/>\n&#8230;.6 bis\u00a0\u00a0 20 st. je Motivanlage \/ je Farbe \/ je Druck 12,50 \u20ac<br \/>\n..21 bis\u00a0\u00a0 50 st. je Motivanlage \/ je Farbe \/ je Druck\u00a0\u00a0 9,50 \u20ac<br \/>\n..51 bis 100 st. je Motivanlage \/ je Farbe \/ je Druck\u00a0\u00a0 6,20 \u20ac<br \/>\n101 bis 500 st.\u00a0 je Motivanlage \/ je Farbe \/ je Druck\u00a0 3,90 \u20ac<br \/>\n&#8230;&#8230;&#8230;ab 501st.\u00a0 je Motivanlage \/ je Farbe \/ je Druck\u00a0 2,50 \u20ac<\/p>\n<p><strong>je Farbe<\/strong> \/ je Motivanlage \/ je Druck bis 25 cm (Fl\u00e4che bis 200qcm)<br \/>\nDruckmotiv einfache einfarbige Schrift Fl\u00e4che z.B. bis <u>H8 x B25 cm<\/u><br \/>\n&#8230;.1 bis\u00a0\u00a0\u00a0\u00a0 5 st. je Motivanlage \/ je Farbe \/ je Druck 29,00 \u20ac<br \/>\n&#8230;.6 bis\u00a0\u00a0 20 st. je Motivanlage \/ je Farbe \/ je Druck 16,50 \u20ac<br \/>\n..21 bis\u00a0\u00a0 50 st. je Motivanlage \/ je Farbe \/ je Druck 11,50 \u20ac<br \/>\n..51 bis 100 st. je Motivanlage \/ je Farbe \/ je Druck\u00a0\u00a0 7,90 \u20ac<br \/>\n101 bis 500 st.\u00a0 je Motivanlage \/ je Farbe \/ je Druck\u00a0 4,90 \u20ac<br \/>\n&#8230;&#8230;&#8230;ab 501st.\u00a0 je Motivanlage \/ je Farbe \/ je Druck\u00a0 3,50 \u20ac<\/p>\n<p><strong>oder 4c, also bis 4-fbg.\u00a0<span style=\"text-decoration: underline;\">Druck<\/span><\/strong> \/ je Motivanlage bis 10 cm (Fl\u00e4che bis 20qcm)<br \/>\nDruckmotiv Fl\u00e4che z.B. bis <u>H2 x B10 cm<\/u><br \/>\n&#8230;.1 bis\u00a0\u00a0\u00a0\u00a0 5 st. je Motivanlage \/ je Farbe \/ je Druck 39,00 \u20ac<br \/>\n&#8230;.6 bis\u00a0\u00a0 20 st. je Motivanlage \/ je Farbe \/ je Druck 28,00 \u20ac<br \/>\n..21 bis\u00a0\u00a0 50 st. je Motivanlage \/ je Farbe \/ je Druck 22,00 \u20ac<br \/>\n..51 bis 100 st. je Motivanlage \/ je Farbe \/ je Druck 16,00 \u20ac<br \/>\n101 bis 500 st.\u00a0 je Motivanlage \/ je Farbe \/ je Druck 12,50 \u20ac<br \/>\n&#8230;&#8230;&#8230;ab 501st.\u00a0 je Motivanlage \/ je Farbe \/ je Druck\u00a0 2,50 \u20ac<\/p>\n<p><strong>oder 4c, also bis 4-fbg.<\/strong> <span style=\"text-decoration: underline;\"><strong>Druck<\/strong><\/span> \/ je Motivanlage bis 25 cm (Fl\u00e4che bis 200qcm)<br \/>\nDruckmotiv Fl\u00e4che z.B. bis <u>H8 x B25 cm<\/u><br \/>\n&#8230;.1 bis\u00a0\u00a0\u00a0\u00a0 5 st. je Motivanlage \/ je Farbe \/ je Druck 49,00 \u20ac<br \/>\n&#8230;.6 bis\u00a0\u00a0 20 st. je Motivanlage \/ je Farbe \/ je Druck 37,50 \u20ac<br \/>\n..21 bis\u00a0\u00a0 50 st. je Motivanlage \/ je Farbe \/ je Druck 29,00 \u20ac<br \/>\n..51 bis 100 st. je Motivanlage \/ je Farbe \/ je Druck 22,50 \u20ac<br \/>\n101 bis 500 st.\u00a0 je Motivanlage \/ je Farbe \/ je Druck18,80 \u20ac<br \/>\n&#8230;&#8230;&#8230;ab 501st.\u00a0 je Motivanlage \/ je Farbe \/ je Druck16,50 \u20ac<br \/>\n<strong><span style=\"text-decoration: underline;\">Bestickung<\/span><br \/>\nStick Druckmotiv<\/strong> 1-fbg. einfache einfarbige Schrift Fl\u00e4che z.B. <u>bis H 2 x B10 cm<\/u><br \/>\nDruckmotiv Fl\u00e4che z.B. bis <u>H2 x B10 cm<\/u><br \/>\n&#8230;.1 bis\u00a0\u00a0\u00a0\u00a0 5 st. je Motivanlage \/ je Farbe \/ je Stick 49,00 \u20ac<br \/>\n&#8230;.6 bis\u00a0\u00a0 20 st. je Motivanlage \/ je Farbe \/ je Stick 35,00 \u20ac<br \/>\n..21 bis\u00a0\u00a0 50 st. je Motivanlage \/ je Farbe \/ je Stick 26,00 \u20ac<br \/>\n..51 bis 100 st. je Motivanlage \/ je Farbe \/ je Stick 18,50 \u20ac<br \/>\n101 bis 500 st.\u00a0 je Motivanlage \/ je Farbe \/ je Stick13,80 \u20ac<br \/>\n&#8230;&#8230;&#8230;ab 501st.\u00a0 je Motivanlage \/ je Farbe \/ je\u00a0Stick\u00a0 9,90 \u20ac<\/p>\n<p><strong>Stick Druckmotiv<\/strong> 1-fbg. einfache einfarbige Schrift (Fl\u00e4che bis 200qcm)<br \/>\nDruckmotiv Fl\u00e4che z.B. bis <u>H8 x B25 cm<\/u><br \/>\n&#8230;.1 bis\u00a0\u00a0\u00a0\u00a0 5 st. je Motivanlage \/ je Farbe \/ je Druck 59,00 \u20ac<br \/>\n&#8230;.6 bis\u00a0\u00a0 20 st. je Motivanlage \/ je Farbe \/ je Druck 42,00 \u20ac<br \/>\n..21 bis\u00a0\u00a0 50 st. je Motivanlage \/ je Farbe \/ je Druck 34,00 \u20ac<br \/>\n..51 bis 100 st. je Motivanlage \/ je Farbe \/ je Druck 25,50 \u20ac<br \/>\n101 bis 500 st.\u00a0 je Motivanlage \/ je Farbe \/ je Druck19,80 \u20ac<br \/>\n&#8230;&#8230;&#8230;ab 501st.\u00a0 je Motivanlage \/ je Farbe \/ je Druck14,50 \u20ac<\/p>\n<p><strong>Oben genannte Preise sind Richtpreise.<\/strong><br \/>\nJe nach Projekt, Auflage und Artikel kommen bei einfachen Artikeln<br \/>\nentsprechende Nachl\u00e4sse von bis zu 20% in Abzug,<br \/>\nsowie bei komplizierter Bedruckung Zuschl\u00e4ge hinzu.<br \/>\nBitte w\u00e4hlen Sie zuerst Ihren Artikel aus, dann das f\u00fcr Sie geeignete Druckverfahren.<br \/>\nIhre busitex.de-Division ber\u00e4t Sie gerne<br \/>\nund wird Ihnen stets das beste Angebot unterbreiten.<\/p>\n<p><strong>Handlingskosten:<br \/>\n<\/strong>Alle Textilien werden nach der Bedruckung in Sammelkartons verpackt um<br \/>\ndie Verpackung und die Transportkosten\/ Porto zu optimieren.<br \/>\nSie k\u00f6nnen des weiteren eine Einzelverpackung in Folienbeutel vorgeben,<br \/>\nje nach Artikel liegt diese Handlingkosten zwischen 1,50 \u20ac bis 3,00 \u20ac.<br \/>\nEinzelkartons sind auch m\u00f6glich, die Kartonkosten liegen bei<br \/>\nca. 1,90 \u20ac bis 5,50 \u20ac je nach Gr\u00f6\u00dfe, Gewicht und Kartonausf\u00fchrung.<br \/>\nJeweils ab Auflagen ab 100 stck.<\/p>\n<p>Ihr busitex.de Team.<\/p>\n","protected":false},"excerpt":{"rendered":"<p>Infos zum Bedrucken von Textilien. Es ist viel zu lesen, aber es lohnt sich. Denn je mehr Sie von der [&hellip;]<\/p>\n","protected":false},"author":1,"featured_media":0,"parent":0,"menu_order":0,"comment_status":"closed","ping_status":"closed","template":"","meta":{"footnotes":""},"_links":{"self":[{"href":"https:\/\/busitex.de\/index.php?rest_route=\/wp\/v2\/pages\/6768"}],"collection":[{"href":"https:\/\/busitex.de\/index.php?rest_route=\/wp\/v2\/pages"}],"about":[{"href":"https:\/\/busitex.de\/index.php?rest_route=\/wp\/v2\/types\/page"}],"author":[{"embeddable":true,"href":"https:\/\/busitex.de\/index.php?rest_route=\/wp\/v2\/users\/1"}],"replies":[{"embeddable":true,"href":"https:\/\/busitex.de\/index.php?rest_route=%2Fwp%2Fv2%2Fcomments&post=6768"}],"version-history":[{"count":21,"href":"https:\/\/busitex.de\/index.php?rest_route=\/wp\/v2\/pages\/6768\/revisions"}],"predecessor-version":[{"id":7736,"href":"https:\/\/busitex.de\/index.php?rest_route=\/wp\/v2\/pages\/6768\/revisions\/7736"}],"wp:attachment":[{"href":"https:\/\/busitex.de\/index.php?rest_route=%2Fwp%2Fv2%2Fmedia&parent=6768"}],"curies":[{"name":"wp","href":"https:\/\/api.w.org\/{rel}","templated":true}]}}